posite?
True
Suppose -4*n + 3*n = 0. Suppose -4*c + 0*c + 356 = n. Is c a composite number?
False
Suppose -2*p + 3*p + 4*y = 287, 0 = y - 5. Is p a composite number?
True
Suppose -z + 5 = 2*i + 6, 0 = -5*z + 15. Is i/(-2) + 6*3 a prime number?
True
Suppose 6*a = 2*a - 8. Let k be a*(-4)/((-16)/(-30)). Is 4/(-10) - (-501)/k composite?
True
Let l = -3184 + 5645. Is l a composite number?
True
Let j = 30 + -19. Let s = 17 - j. Is (157 - -1)/(s/3) prime?
True
Is (-9726)/(-10) + (-1)/(20/(-8)) composite?
True
Let x(o) = -o**3 + 3*o**2 - o + 1. Let q be x(2). Suppose 297 + 12 = q*a. Is a a composite number?
False
Suppose -r - 2*n - 19 + 7 = 0, 1 = 2*r - n. Is 0/1 + (-254)/r prime?
True
Suppose 4*l = -3*w + 21, -3*w - l + 18 = 2*w. Suppose -3*m - 7 = -g, 3*m = w*g - 3 - 6. Is 2/(-2) + (-184)/m prime?
False
Let d = 13 + -19. Is (-941)/d - (-1)/6 a composite number?
False
Suppose 0 = 4*l, -4*l = -4*w + 5476 - 1088. Is w prime?
True
Let b = 1190 - 437. Is b composite?
True
Let v(l) = 19*l. Let i be v(4). Is (6 + -3)*i/6 a composite number?
True
Suppose -2*m = -m - 52. Suppose 2*f - 2*y - m = 0, y = -4*f - 3*y + 72. Is f prime?
False
Let y(w) = 14*w - 5. Let z be y(8). Suppose 3*g - 52 - z = 0. Is g a composite number?
False
Let c be (-2)/4 + (-5)/(-2). Let o be ((-1)/c)/(1/(-8)). Is 81 - 3/((-6)/o) a composite number?
False
Suppose -6 = -6*s + 3*s. Let n be -37*(3 + -1)/s. Let x = n + 71. Is x a composite number?
True
Suppose -4*w - 12 = -6*w. Let z(v) = v**3 - 4*v**2 - 7*v + 1. Is z(w) a prime number?
True
Let z(t) be the second derivative of -t**5/20 - t**4/3 + 3*t**3/2 + 7*t**2/2 - 2*t. Is z(-7) a composite number?
True
Let k(g) = -g**3 + 5*g**2 + g + 10. Let x be k(7). Let y(o) = 2*o + 6. Let q be y(-4). Let u = q - x. Is u composite?
False
Let y = -80 - -337. Is y composite?
False
Let k = 273 - 82. Is k prime?
True
Suppose -6*s = 3*i - 7*s - 3789, -2*s = -i + 1268. Is i a prime number?
False
Suppose 3*l = 4*l - 127. Is l a prime number?
True
Let w be (-10)/(-25) + (-26)/(-10). Suppose -2*l = p - 5*p - 70, -w*l = -p - 10. Let k = 56 + p. Is k prime?
True
Suppose 5*b - 10 = -3*a, -b - 2*a = -7*a + 26. Let v be (0 + 21)*b/(-3). Suppose 0 = v*z - 2*z - 195. Is z a prime number?
False
Suppose -6 - 539 = -5*o. Is o prime?
True
Is -110*(1 - (-3)/(-2)) composite?
True
Let q = 1611 - 608. Is q composite?
True
Let p(i) = i**3 + 1. Let m(b) = 9*b**2 + b + 12. Let y(l) = -m(l) + p(l). Let d be y(10). Let f = d - 42. Is f a composite number?
False
Let s = 57 - 181. Let i(v) = -19*v - 5. Let z be i(-20). Let f = s + z. Is f a composite number?
False
Let n = -5 + 64. Let r be 2/5 - 1398/(-30). Suppose 0 = -2*g + n + r. Is g composite?
False
Is ((-74)/(-4))/(-5 + (-306)/(-60)) composite?
True
Suppose 0 = -x + 5 - 2. Suppose -1406 = -x*i + t - 2*t, -4*t + 487 = i. Is i a composite number?
False
Let q(s) = -3*s**2 - 3*s + 4*s**2 + 62 + 2*s - s**3. Let y be q(0). Let x = y + -40. Is x composite?
True
Suppose 5*f + 5*p - 25 = 0, p = -3*f + 6 + 9. Suppose -d = -f*u + 381, d + 0*d = -u + 81. Is u a prime number?
False
Let i = -15 + -17. Let b = i - -55. Is b prime?
True
Let i(v) = 2*v**2 - 11*v - 3*v**2 + 5*v**2 + 2. Let j be i(9). Suppose 174 = -4*u - 4*n + 1106, 0 = -u - 4*n + j. Is u a composite number?
True
Suppose -3*x + 592 = x. Suppose -r + x = 3*r. Is r a prime number?
True
Let d = 1133 - 564. Let x = -6 - -8. Suppose 3*b - x = 5*b, 4*b - d = -3*h. Is h a prime number?
True
Let f = 4 - 4. Suppose f*p = p - 373. Is p prime?
True
Suppose -4*h + 2 + 2 = 0. Let g = 0 - h. Is (g - 2/(-4))*-38 a composite number?
False
Is -2 - (6/(-9) - (-169)/(-3)) composite?
True
Let u(n) = 42*n**2 - 11*n - 7. Is u(6) prime?
True
Suppose -x = -5*s - 1077, 574 = 2*x - s - 1616. Is x a composite number?
False
Suppose 338 - 58 = 4*c. Suppose -2*w = -4*r - 2, -c = -8*w + 3*w - 3*r. Is w a prime number?
True
Let a be (-3)/3 - 20 - 1. Let t = 31 + a. Suppose 260 = t*g - 5*g. Is g composite?
True
Let v be ((-9)/18)/((-2)/120). Suppose 0 = 2*j + 5*z - 53, 0 = -2*j - 4*z + 20 + v. Is j prime?
True
Let q be (-4)/(-1 + 3) + 5. Let u(d) = 3*d**2 + 6*d - 2. Let x(z) = 6*z**2 + 11*z - 3. Let r(s) = q*x(s) - 5*u(s). Is r(3) a composite number?
False
Suppose 3*j - 8*j = -325. Is j a composite number?
True
Let g(x) = -3*x**3 + x. Let h be g(-1). Suppose 127 = h*v - 199. Is v composite?
False
Let a(s) be the third derivative of -s**5/60 + 7*s**4/24 - s**3/3 - 2*s**2. Let b be a(7). Is 19 - (b - (0 + 0)) a prime number?
False
Let y(a) = 2*a**3 - a**2 - 3*a + 1. Is y(3) a prime number?
True
Suppose -31 = -t + 34. Is t a prime number?
False
Let n(q) = -133*q. Let a = 4 - 5. Is n(a) prime?
False
Suppose -5*l + 0*g = -2*g - 1301, -4*g = 5*l - 1283. Is l composite?
True
Let f(n) = 2*n**2 - 4 + 4 - 70*n**3 + n + 0*n**2. Is f(-1) a prime number?
True
Suppose 4*v - 4*t = 0, v - 2*t + 2 + 1 = 0. Suppose -7*y + v*y = -124. Is y composite?
False
Let l(n) = n + 6. Suppose i - 5*i - 20 = 0. Let p be l(i). Is (-483)/12*(-3 - p) a composite number?
True
Let t = -4 + 7. Suppose -380 = -p - t*p. Is p composite?
True
Suppose 0*q = -4*b + 2*q + 18, 0 = -3*q - 9. Suppose -j - 848 = -5*j + b*y, 5*y = 5*j - 1065. Is j a composite number?
True
Let s(x) = 2*x**2 + 17*x - 5. Is s(12) composite?
False
Suppose -8599 = 2*t - 6*t + y, -4*y = 12. Is t a composite number?
True
Suppose 0 = 3*s + 4*q - 2 - 29, -4*q + 1 = -3*s. Suppose 30 = s*n - 5. Suppose v + 0*u - n = -3*u, 88 = 4*v - 3*u. Is v prime?
True
Let b = -11 + 14. Suppose -5*t + 2*h + 439 = 0, 0 = -0*t - b*t + 5*h + 252. Is t composite?
False
Let a = -155 + 238. Suppose 0 = h - 2*h - a. Let p = -52 - h. Is p a prime number?
True
Let w = -1 + -4. Suppose 0 = -4*f - 29 + 5. Is f/15 + (-192)/w prime?
False
Suppose 4*v + 83 - 666 = -g, 0 = 2*g + 5*v - 1166. Is g a composite number?
True
Let g be (-20)/16*2*-2. Suppose g*c + o = 4*o + 901, -3*o - 6 = 0. Is c a composite number?
False
Let v be ((-2)/5)/((-1)/10). Suppose 5*z + v*o = 51, 5*z + 3*o - 45 = 7. Is z prime?
True
Suppose -16*w + 13*w + 318 = 0. Is w a prime number?
False
Let r = 3 - -1. Suppose -13 = -2*d - 3*o, o = -r*d + 48 - 17. Suppose -290 = 6*q - d*q. Is q a composite number?
True
Suppose -3*c = -5*c + 14. Let a(v) = -1 + c + 2*v + 4 - 1. Is a(7) prime?
True
Let p be 3/12*4*5. Suppose p*n - 3*h + 0*h - 395 = 0, 3*n - 237 = -h. Is n a composite number?
False
Suppose 6 = x + 1. Suppose 165 = x*v - 0*v. Is v a prime number?
False
Let t(z) = -z + 7. Let a(q) = -59*q**2 - 1. Let w be a(-1). Let g be w/9 - 6/(-9). Is t(g) a prime number?
True
Let y = 20 - 13. Is y composite?
False
Suppose -2584 = 3*x - 3*c - 9124, -3*x + c + 6534 = 0. Is x a composite number?
True
Let c be 1/(-3) - (-78)/18. Suppose c*h = -p + h + 85, -5*p - 2*h + 451 = 0. Is p prime?
False
Suppose p = -3*p - 232. Suppose -5*q - 162 = 1243. Let s = p - q. Is s prime?
True
Suppose -821 + 136 = 5*f. Let j be (-1276)/16 - (-1)/(-4). Let l = j - f. Is l composite?
True
Suppose 3985 = -19*f + 24*f. Is f composite?
False
Let n(b) = 3*b**2 - 7*b - 9. Is n(-4) a prime number?
True
Let r be -2 - -2 - 64/(-4). Suppose -x + 132 = -r. Suppose 3*g - c - x = 0, -5*c - 58 = -g - 4. Is g prime?
False
Let q = -14 - -23. Suppose -q*l + 44 = -7*l. Is l a prime number?
False
Let o be (4/10)/((-2)/(-20)). Suppose 37 = d - o. Is -1 + (d - 2/1) composite?
True
Let k be 105/10*(-44)/3. Let p = -518 - k. Let h = 699 + p. Is h composite?
True
Suppose 0 = 2*d - 223 - 439. Is d a composite number?
False
Let c be (3 - 0) + 2 + -3022. Is (-2)/9 + c/(-9) composite?
True
Is (8/12)/((-4)/(-498)) composite?
False
Let f = -6 - -10. Let t(z) = -z**3 + 5*z**2 - 4*z. Let s be t(f). Suppose s = 3*r - 5*r + 38. Is r a composite number?
False
Is -2*(1 - 98/4) composite?
False
Suppose 2*v - 3251 = -k, 3*v - 5*k + 6517 = 7*v. Is v composite?
True
Let a = 129 - 57. Let q = a - 13. Is q a prime number?
True
Let q = 509 + 410. Is q a prime number?
True
Let x = 6 - 4. Let i(l) = 13*l. Is i(x) a prime number?
False
Suppose -c = -5 - 0. Suppose 4*h + 113 = c*h. Is h a composite number?
False
Suppose s - 45 - 166 = 0. Is s prime?
True
Suppose 3*i = 216 - 51. Is i prime?
False
Let w(x) be the second derivative of x**4/4 - x**3/2 + 5*x**2/2 + 2*x. Let a be w(4). Suppose -64 - a = -5*n. Is n composi